{"id":353,"date":"2025-05-03T04:10:07","date_gmt":"2025-05-03T04:10:07","guid":{"rendered":"https:\/\/suizoamericano.edu.gt\/?page_id=353"},"modified":"2025-05-03T04:30:15","modified_gmt":"2025-05-03T04:30:15","slug":"pv-arte","status":"publish","type":"page","link":"https:\/\/suizoamericano.edu.gt\/index.php\/pv-arte\/","title":{"rendered":"PV &#8211; ARTE"},"content":{"rendered":"\t\t<div data-elementor-type=\"wp-page\" data-elementor-id=\"353\" class=\"elementor elementor-353\" data-elementor-post-type=\"page\">\n\t\t\t\t<div class=\"elementor-element elementor-element-c68c7e7 e-flex e-con-boxed e-con e-parent\" data-id=\"c68c7e7\" data-element_type=\"container\" data-settings=\"{&quot;background_background&quot;:&quot;classic&quot;,&quot;shape_divider_bottom&quot;:&quot;mountains&quot;}\">\n\t\t\t\t\t<div class=\"e-con-inner\">\n\t\t\t\t<div class=\"elementor-shape elementor-shape-bottom\" aria-hidden=\"true\" data-negative=\"false\">\n\t\t\t<svg xmlns=\"http:\/\/www.w3.org\/2000\/svg\" viewBox=\"0 0 1000 100\" preserveAspectRatio=\"none\">\n\t<path class=\"elementor-shape-fill\" opacity=\"0.33\" d=\"M473,67.3c-203.9,88.3-263.1-34-320.3,0C66,119.1,0,59.7,0,59.7V0h1000v59.7 c0,0-62.1,26.1-94.9,29.3c-32.8,3.3-62.8-12.3-75.8-22.1C806,49.6,745.3,8.7,694.9,4.7S492.4,59,473,67.3z\"\/>\n\t<path class=\"elementor-shape-fill\" opacity=\"0.66\" d=\"M734,67.3c-45.5,0-77.2-23.2-129.1-39.1c-28.6-8.7-150.3-10.1-254,39.1 s-91.7-34.4-149.2,0C115.7,118.3,0,39.8,0,39.8V0h1000v36.5c0,0-28.2-18.5-92.1-18.5C810.2,18.1,775.7,67.3,734,67.3z\"\/>\n\t<path class=\"elementor-shape-fill\" d=\"M766.1,28.9c-200-57.5-266,65.5-395.1,19.5C242,1.8,242,5.4,184.8,20.6C128,35.8,132.3,44.9,89.9,52.5C28.6,63.7,0,0,0,0 h1000c0,0-9.9,40.9-83.6,48.1S829.6,47,766.1,28.9z\"\/>\n<\/svg>\t\t<\/div>\n\t\t<div class=\"elementor-element elementor-element-38dcd65 e-con-full e-flex e-con e-child\" data-id=\"38dcd65\" data-element_type=\"container\">\n\t\t\t\t<div class=\"elementor-element elementor-element-e267fc3 elementor-hidden-mobile elementor-view-default elementor-widget elementor-widget-icon\" data-id=\"e267fc3\" data-element_type=\"widget\" data-widget_type=\"icon.default\">\n\t\t\t\t<div class=\"elementor-widget-container\">\n\t\t\t\t\t\t\t<div class=\"elementor-icon-wrapper\">\n\t\t\t<div class=\"elementor-icon\">\n\t\t\t<svg aria-hidden=\"true\" class=\"e-font-icon-svg e-fas-paint-brush\" viewBox=\"0 0 512 512\" xmlns=\"http:\/\/www.w3.org\/2000\/svg\"><path d=\"M167.02 309.34c-40.12 2.58-76.53 17.86-97.19 72.3-2.35 6.21-8 9.98-14.59 9.98-11.11 0-45.46-27.67-55.25-34.35C0 439.62 37.93 512 128 512c75.86 0 128-43.77 128-120.19 0-3.11-.65-6.08-.97-9.13l-88.01-73.34zM457.89 0c-15.16 0-29.37 6.71-40.21 16.45C213.27 199.05 192 203.34 192 257.09c0 13.7 3.25 26.76 8.73 38.7l63.82 53.18c7.21 1.8 14.64 3.03 22.39 3.03 62.11 0 98.11-45.47 211.16-256.46 7.38-14.35 13.9-29.85 13.9-45.99C512 20.64 486 0 457.89 0z\"><\/path><\/svg>\t\t\t<\/div>\n\t\t<\/div>\n\t\t\t\t\t\t<\/div>\n\t\t\t\t<\/div>\n\t\t\t\t<\/div>\n\t\t<div class=\"elementor-element elementor-element-fedda60 e-con-full e-flex e-con e-child\" data-id=\"fedda60\" data-element_type=\"container\">\n\t\t\t\t<div class=\"elementor-element elementor-element-a295ec3 elementor-widget elementor-widget-heading\" data-id=\"a295ec3\" data-element_type=\"widget\" data-widget_type=\"heading.default\">\n\t\t\t\t<div class=\"elementor-widget-container\">\n\t\t\t\t\t<h2 class=\"elementor-heading-title elementor-size-default\">Arte<\/h2>\t\t\t\t<\/div>\n\t\t\t\t<\/div>\n\t\t\t\t<\/div>\n\t\t\t\t\t<\/div>\n\t\t\t\t<\/div>\n\t\t<div class=\"elementor-element elementor-element-878ae4e e-flex e-con-boxed e-con e-parent\" data-id=\"878ae4e\" data-element_type=\"container\" data-settings=\"{&quot;background_background&quot;:&quot;classic&quot;}\">\n\t\t\t\t\t<div class=\"e-con-inner\">\n\t\t<div class=\"elementor-element elementor-element-37e9944 e-con-full e-flex e-con e-child\" data-id=\"37e9944\" data-element_type=\"container\" data-settings=\"{&quot;background_background&quot;:&quot;classic&quot;}\">\n\t\t\t\t<div class=\"elementor-element elementor-element-af1b441 elementor-widget__width-initial elementor-widget elementor-widget-text-editor\" data-id=\"af1b441\" data-element_type=\"widget\" data-widget_type=\"text-editor.default\">\n\t\t\t\t<div class=\"elementor-widget-container\">\n\t\t\t\t\t\t\t\t\t<p class=\"\" data-start=\"136\" data-end=\"656\">El arte en el Colegio Suizo Americano se vive como una herramienta para formar estudiantes creativos, expresivos y sensibles. Desde preprimaria hasta diversificado, nuestros programas integran m\u00fasica, artes visuales y expresi\u00f3n corporal, desarrollando habilidades art\u00edsticas y personales a trav\u00e9s de la pr\u00e1ctica, la t\u00e9cnica y la creaci\u00f3n. Los alumnos exploran instrumentos, teatro, danza y diferentes t\u00e9cnicas pl\u00e1sticas, culminando su proceso con presentaciones y muestras art\u00edsticas que reflejan su evoluci\u00f3n y talento.<\/p>\t\t\t\t\t\t\t\t<\/div>\n\t\t\t\t<\/div>\n\t\t\t\t<\/div>\n\t\t\t\t\t<\/div>\n\t\t\t\t<\/div>\n\t\t<div class=\"elementor-element elementor-element-23c331d e-flex e-con-boxed e-con e-parent\" data-id=\"23c331d\" data-element_type=\"container\" data-settings=\"{&quot;background_background&quot;:&quot;classic&quot;}\">\n\t\t\t\t\t<div class=\"e-con-inner\">\n\t\t<div class=\"elementor-element elementor-element-64528c0 e-con-full e-flex e-con e-child\" data-id=\"64528c0\" data-element_type=\"container\">\n\t\t\t\t<div class=\"elementor-element elementor-element-7169045 elementor-widget__width-initial elementor-widget elementor-widget-text-editor\" data-id=\"7169045\" data-element_type=\"widget\" data-widget_type=\"text-editor.default\">\n\t\t\t\t<div class=\"elementor-widget-container\">\n\t\t\t\t\t\t\t\t\t<h3 class=\"\" data-start=\"191\" data-end=\"213\">Arte en Cada Etapa<\/h3><p class=\"\" data-start=\"215\" data-end=\"391\"><strong data-start=\"215\" data-end=\"230\">Preprimaria<\/strong><br data-start=\"230\" data-end=\"233\" \/>Los m\u00e1s peque\u00f1os inician su camino art\u00edstico a trav\u00e9s de la m\u00fasica. Juegan con ritmos, exploran sonidos y desarrollan habilidades auditivas y motoras b\u00e1sicas.<\/p><p class=\"\" data-start=\"393\" data-end=\"611\"><strong data-start=\"393\" data-end=\"407\">Primaria 1<\/strong><br data-start=\"407\" data-end=\"410\" \/>Se introducen en la pr\u00e1ctica instrumental, el canto y el coro. Complementan su formaci\u00f3n con expresi\u00f3n corporal a trav\u00e9s del juego teatral y artes pl\u00e1sticas enfocadas en t\u00e9cnicas b\u00e1sicas y creatividad.<\/p><p class=\"\" data-start=\"613\" data-end=\"835\"><strong data-start=\"613\" data-end=\"627\">Primaria 2<\/strong><br data-start=\"627\" data-end=\"630\" \/>Profundizan en la teor\u00eda musical, aprenden flauta y se preparan para piano. En expresi\u00f3n corporal, proponen y montan composiciones. En artes pl\u00e1sticas, exploran t\u00e9cnicas asociadas a movimientos art\u00edsticos.<\/p><p class=\"\" data-start=\"837\" data-end=\"1057\"><strong data-start=\"837\" data-end=\"851\">Secundaria<\/strong><br data-start=\"851\" data-end=\"854\" \/>Domina la lectura y ejecuci\u00f3n musical con distintos instrumentos. El teatro y la danza se integran como medios de comunicaci\u00f3n y expresi\u00f3n. En artes visuales, crean obras con enfoque social y conceptual.<\/p><p class=\"\" data-start=\"1059\" data-end=\"1301\"><strong data-start=\"1059\" data-end=\"1076\">Diversificado<\/strong><br data-start=\"1076\" data-end=\"1079\" \/>Participan en clubes art\u00edsticos que integran disciplinas como danza, teatro, canto, instrumentaci\u00f3n y artes pl\u00e1sticas. Culminan su experiencia con montajes, presentaciones o festivales que reflejan su desarrollo art\u00edstico.<\/p>\t\t\t\t\t\t\t\t<\/div>\n\t\t\t\t<\/div>\n\t\t\t\t<\/div>\n\t\t<div class=\"elementor-element elementor-element-f847f6d e-con-full e-flex e-con e-child\" data-id=\"f847f6d\" data-element_type=\"container\">\n\t\t<div class=\"elementor-element elementor-element-1393589 e-con-full e-flex e-con e-child\" data-id=\"1393589\" data-element_type=\"container\" data-settings=\"{&quot;background_background&quot;:&quot;slideshow&quot;,&quot;background_slideshow_gallery&quot;:[{&quot;id&quot;:136,&quot;url&quot;:&quot;http:\\\/\\\/suizoamericano.edu.gt\\\/wp-content\\\/uploads\\\/2025\\\/04\\\/DSC03464-scaled.jpg&quot;},{&quot;id&quot;:361,&quot;url&quot;:&quot;http:\\\/\\\/suizoamericano.edu.gt\\\/wp-content\\\/uploads\\\/2025\\\/05\\\/DSC08324-scaled.jpg&quot;},{&quot;id&quot;:363,&quot;url&quot;:&quot;http:\\\/\\\/suizoamericano.edu.gt\\\/wp-content\\\/uploads\\\/2025\\\/05\\\/DSC03767-scaled.jpg&quot;},{&quot;id&quot;:362,&quot;url&quot;:&quot;http:\\\/\\\/suizoamericano.edu.gt\\\/wp-content\\\/uploads\\\/2025\\\/05\\\/DSC07867-scaled.jpg&quot;}],&quot;background_slideshow_slide_duration&quot;:6000,&quot;background_slideshow_loop&quot;:&quot;yes&quot;,&quot;background_slideshow_slide_transition&quot;:&quot;fade&quot;,&quot;background_slideshow_transition_duration&quot;:500}\">\n\t\t\t\t<\/div>\n\t\t\t\t<\/div>\n\t\t\t\t\t<\/div>\n\t\t\t\t<\/div>\n\t\t\t\t<\/div>\n\t\t","protected":false},"excerpt":{"rendered":"<p>Arte El arte en el Colegio Suizo Americano se vive como una herramienta para formar estudiantes creativos, expresivos y sensibles. Desde preprimaria hasta diversificado, nuestros programas integran m\u00fasica, artes visuales y expresi\u00f3n corporal, desarrollando habilidades art\u00edsticas y personales a trav\u00e9s de la pr\u00e1ctica, la t\u00e9cnica y la creaci\u00f3n. Los alumnos exploran instrumentos, teatro, danza y [&hellip;]<\/p>\n","protected":false},"author":2,"featured_media":0,"parent":0,"menu_order":0,"comment_status":"closed","ping_status":"closed","template":"elementor_header_footer","meta":{"footnotes":""},"class_list":["post-353","page","type-page","status-publish","hentry"],"_links":{"self":[{"href":"https:\/\/suizoamericano.edu.gt\/index.php\/wp-json\/wp\/v2\/pages\/353","targetHints":{"allow":["GET"]}}],"collection":[{"href":"https:\/\/suizoamericano.edu.gt\/index.php\/wp-json\/wp\/v2\/pages"}],"about":[{"href":"https:\/\/suizoamericano.edu.gt\/index.php\/wp-json\/wp\/v2\/types\/page"}],"author":[{"embeddable":true,"href":"https:\/\/suizoamericano.edu.gt\/index.php\/wp-json\/wp\/v2\/users\/2"}],"replies":[{"embeddable":true,"href":"https:\/\/suizoamericano.edu.gt\/index.php\/wp-json\/wp\/v2\/comments?post=353"}],"version-history":[{"count":7,"href":"https:\/\/suizoamericano.edu.gt\/index.php\/wp-json\/wp\/v2\/pages\/353\/revisions"}],"predecessor-version":[{"id":367,"href":"https:\/\/suizoamericano.edu.gt\/index.php\/wp-json\/wp\/v2\/pages\/353\/revisions\/367"}],"wp:attachment":[{"href":"https:\/\/suizoamericano.edu.gt\/index.php\/wp-json\/wp\/v2\/media?parent=353"}],"curies":[{"name":"wp","href":"https:\/\/api.w.org\/{rel}","templated":true}]}}