{"id":925,"date":"2025-06-05T15:14:51","date_gmt":"2025-06-05T15:14:51","guid":{"rendered":"https:\/\/suizoamericano.edu.gt\/?page_id=925"},"modified":"2025-06-05T15:29:16","modified_gmt":"2025-06-05T15:29:16","slug":"enlace-suizo-americano","status":"publish","type":"page","link":"https:\/\/suizoamericano.edu.gt\/index.php\/enlace-suizo-americano\/","title":{"rendered":"Enlace Suizo Americano"},"content":{"rendered":"\t\t<div data-elementor-type=\"wp-page\" data-elementor-id=\"925\" class=\"elementor elementor-925\" data-elementor-post-type=\"page\">\n\t\t\t\t<div class=\"elementor-element elementor-element-8394a74 e-flex e-con-boxed e-con e-parent\" data-id=\"8394a74\" data-element_type=\"container\" data-settings=\"{&quot;background_background&quot;:&quot;classic&quot;}\">\n\t\t\t\t\t<div class=\"e-con-inner\">\n\t\t\t\t<div class=\"elementor-element elementor-element-59c7c5e elementor-grid-3 elementor-grid-tablet-2 elementor-grid-mobile-1 elementor-posts--thumbnail-top elementor-posts--show-avatar elementor-card-shadow-yes elementor-posts__hover-gradient elementor-widget elementor-widget-posts\" data-id=\"59c7c5e\" data-element_type=\"widget\" data-settings=\"{&quot;cards_columns&quot;:&quot;3&quot;,&quot;cards_columns_tablet&quot;:&quot;2&quot;,&quot;cards_columns_mobile&quot;:&quot;1&quot;,&quot;cards_row_gap&quot;:{&quot;unit&quot;:&quot;px&quot;,&quot;size&quot;:35,&quot;sizes&quot;:[]},&quot;cards_row_gap_laptop&quot;:{&quot;unit&quot;:&quot;px&quot;,&quot;size&quot;:&quot;&quot;,&quot;sizes&quot;:[]},&quot;cards_row_gap_tablet&quot;:{&quot;unit&quot;:&quot;px&quot;,&quot;size&quot;:&quot;&quot;,&quot;sizes&quot;:[]},&quot;cards_row_gap_mobile&quot;:{&quot;unit&quot;:&quot;px&quot;,&quot;size&quot;:&quot;&quot;,&quot;sizes&quot;:[]}}\" data-widget_type=\"posts.cards\">\n\t\t\t\t<div class=\"elementor-widget-container\">\n\t\t\t\t\t\t\t<div class=\"elementor-posts-container elementor-posts elementor-posts--skin-cards elementor-grid\">\n\t\t\t\t<article class=\"elementor-post elementor-grid-item post-1110 post type-post status-publish format-standard has-post-thumbnail hentry category-csa\">\n\t\t\t<div class=\"elementor-post__card\">\n\t\t\t\t<a class=\"elementor-post__thumbnail__link\" href=\"https:\/\/suizoamericano.edu.gt\/index.php\/2026\/03\/04\/grit-exito-pasion-y-constancia\/\" tabindex=\"-1\" ><div class=\"elementor-post__thumbnail\"><img fetchpriority=\"high\" decoding=\"async\" width=\"300\" height=\"200\" src=\"https:\/\/suizoamericano.edu.gt\/wp-content\/uploads\/2026\/03\/DSC07719-300x200.jpg\" class=\"attachment-medium size-medium wp-image-1113\" alt=\"\" srcset=\"https:\/\/suizoamericano.edu.gt\/wp-content\/uploads\/2026\/03\/DSC07719-300x200.jpg 300w, https:\/\/suizoamericano.edu.gt\/wp-content\/uploads\/2026\/03\/DSC07719-1024x683.jpg 1024w, https:\/\/suizoamericano.edu.gt\/wp-content\/uploads\/2026\/03\/DSC07719-768x512.jpg 768w, https:\/\/suizoamericano.edu.gt\/wp-content\/uploads\/2026\/03\/DSC07719-1536x1024.jpg 1536w, https:\/\/suizoamericano.edu.gt\/wp-content\/uploads\/2026\/03\/DSC07719-2048x1365.jpg 2048w\" sizes=\"(max-width: 300px) 100vw, 300px\" \/><\/div><\/a>\n\t\t\t\t<div class=\"elementor-post__badge\">CSA<\/div>\n\t\t\t\t<div class=\"elementor-post__avatar\">\n\t\t\t<img alt='Eric Martinez' src='https:\/\/secure.gravatar.com\/avatar\/4e46c7d32383b6e7abdb63874113a342?s=128&#038;d=mm&#038;r=g' srcset='https:\/\/secure.gravatar.com\/avatar\/4e46c7d32383b6e7abdb63874113a342?s=256&#038;d=mm&#038;r=g 2x' class='avatar avatar-128 photo' height='128' width='128' \/>\t\t<\/div>\n\t\t\t\t<div class=\"elementor-post__text\">\n\t\t\t\t<h3 class=\"elementor-post__title\">\n\t\t\t<a href=\"https:\/\/suizoamericano.edu.gt\/index.php\/2026\/03\/04\/grit-exito-pasion-y-constancia\/\" >\n\t\t\t\tGRIT: \u00e9xito, pasi\u00f3n y constancia\t\t\t<\/a>\n\t\t<\/h3>\n\t\t\t\t<div class=\"elementor-post__excerpt\">\n\t\t\t<p>\u00a0 \u00a0 \u00bfQu\u00e9 puedo hacer hoy para que mi hijo sea exitoso en la vida? Muchos padres nos hacemos constantemente esta pregunta. Pero, m\u00e1s all\u00e1<\/p>\n\t\t<\/div>\n\t\t\n\t\t<a class=\"elementor-post__read-more\" href=\"https:\/\/suizoamericano.edu.gt\/index.php\/2026\/03\/04\/grit-exito-pasion-y-constancia\/\" aria-label=\"Read more about GRIT: \u00e9xito, pasi\u00f3n y constancia\" tabindex=\"-1\" >\n\t\t\tRead More \u00bb\t\t<\/a>\n\n\t\t\t\t<\/div>\n\t\t\t\t<div class=\"elementor-post__meta-data\">\n\t\t\t\t\t<span class=\"elementor-post-date\">\n\t\t\tMarch 4, 2026\t\t<\/span>\n\t\t\t\t<\/div>\n\t\t\t\t\t<\/div>\n\t\t<\/article>\n\t\t\t\t<article class=\"elementor-post elementor-grid-item post-1062 post type-post status-publish format-standard has-post-thumbnail hentry category-csa\">\n\t\t\t<div class=\"elementor-post__card\">\n\t\t\t\t<a class=\"elementor-post__thumbnail__link\" href=\"https:\/\/suizoamericano.edu.gt\/index.php\/2026\/02\/11\/conexiones-que-fortalecen-nuestra-mente-amistad-vinculos-y-crecimiento\/\" tabindex=\"-1\" ><div class=\"elementor-post__thumbnail\"><img decoding=\"async\" width=\"300\" height=\"200\" src=\"https:\/\/suizoamericano.edu.gt\/wp-content\/uploads\/2026\/02\/DSC00853-2-300x200.jpg\" class=\"attachment-medium size-medium wp-image-1069\" alt=\"\" srcset=\"https:\/\/suizoamericano.edu.gt\/wp-content\/uploads\/2026\/02\/DSC00853-2-300x200.jpg 300w, https:\/\/suizoamericano.edu.gt\/wp-content\/uploads\/2026\/02\/DSC00853-2-1024x683.jpg 1024w, https:\/\/suizoamericano.edu.gt\/wp-content\/uploads\/2026\/02\/DSC00853-2-768x512.jpg 768w, https:\/\/suizoamericano.edu.gt\/wp-content\/uploads\/2026\/02\/DSC00853-2-1536x1024.jpg 1536w, https:\/\/suizoamericano.edu.gt\/wp-content\/uploads\/2026\/02\/DSC00853-2-2048x1366.jpg 2048w\" sizes=\"(max-width: 300px) 100vw, 300px\" \/><\/div><\/a>\n\t\t\t\t<div class=\"elementor-post__badge\">CSA<\/div>\n\t\t\t\t<div class=\"elementor-post__avatar\">\n\t\t\t<img alt='Eric Martinez' src='https:\/\/secure.gravatar.com\/avatar\/4e46c7d32383b6e7abdb63874113a342?s=128&#038;d=mm&#038;r=g' srcset='https:\/\/secure.gravatar.com\/avatar\/4e46c7d32383b6e7abdb63874113a342?s=256&#038;d=mm&#038;r=g 2x' class='avatar avatar-128 photo' height='128' width='128' \/>\t\t<\/div>\n\t\t\t\t<div class=\"elementor-post__text\">\n\t\t\t\t<h3 class=\"elementor-post__title\">\n\t\t\t<a href=\"https:\/\/suizoamericano.edu.gt\/index.php\/2026\/02\/11\/conexiones-que-fortalecen-nuestra-mente-amistad-vinculos-y-crecimiento\/\" >\n\t\t\t\tConexiones Que Fortalecen Nuestra Mente: Amistad, v\u00ednculos y crecimiento\t\t\t<\/a>\n\t\t<\/h3>\n\t\t\t\t<div class=\"elementor-post__excerpt\">\n\t\t\t<p>Elegir la formaci\u00f3n adecuada para nuestros hijos implica preguntarse: \u00bfCu\u00e1l es el mejor colegio en Guatemala? M\u00e1s all\u00e1 de la infraestructura, la respuesta reside en<\/p>\n\t\t<\/div>\n\t\t\n\t\t<a class=\"elementor-post__read-more\" href=\"https:\/\/suizoamericano.edu.gt\/index.php\/2026\/02\/11\/conexiones-que-fortalecen-nuestra-mente-amistad-vinculos-y-crecimiento\/\" aria-label=\"Read more about Conexiones Que Fortalecen Nuestra Mente: Amistad, v\u00ednculos y crecimiento\" tabindex=\"-1\" >\n\t\t\tRead More \u00bb\t\t<\/a>\n\n\t\t\t\t<\/div>\n\t\t\t\t<div class=\"elementor-post__meta-data\">\n\t\t\t\t\t<span class=\"elementor-post-date\">\n\t\t\tFebruary 11, 2026\t\t<\/span>\n\t\t\t\t<\/div>\n\t\t\t\t\t<\/div>\n\t\t<\/article>\n\t\t\t\t<article class=\"elementor-post elementor-grid-item post-1043 post type-post status-publish format-standard has-post-thumbnail hentry category-csa\">\n\t\t\t<div class=\"elementor-post__card\">\n\t\t\t\t<a class=\"elementor-post__thumbnail__link\" href=\"https:\/\/suizoamericano.edu.gt\/index.php\/2026\/01\/16\/una-preprimaria-unica-en-el-suizo-americano\/\" tabindex=\"-1\" ><div class=\"elementor-post__thumbnail\"><img decoding=\"async\" width=\"300\" height=\"200\" src=\"https:\/\/suizoamericano.edu.gt\/wp-content\/uploads\/2026\/01\/DSC00924-300x200.jpg\" class=\"attachment-medium size-medium wp-image-1046\" alt=\"\" srcset=\"https:\/\/suizoamericano.edu.gt\/wp-content\/uploads\/2026\/01\/DSC00924-300x200.jpg 300w, https:\/\/suizoamericano.edu.gt\/wp-content\/uploads\/2026\/01\/DSC00924-1024x683.jpg 1024w, https:\/\/suizoamericano.edu.gt\/wp-content\/uploads\/2026\/01\/DSC00924-768x512.jpg 768w, https:\/\/suizoamericano.edu.gt\/wp-content\/uploads\/2026\/01\/DSC00924-1536x1024.jpg 1536w, https:\/\/suizoamericano.edu.gt\/wp-content\/uploads\/2026\/01\/DSC00924-2048x1365.jpg 2048w\" sizes=\"(max-width: 300px) 100vw, 300px\" \/><\/div><\/a>\n\t\t\t\t<div class=\"elementor-post__badge\">CSA<\/div>\n\t\t\t\t<div class=\"elementor-post__avatar\">\n\t\t\t<img alt='Eric Martinez' src='https:\/\/secure.gravatar.com\/avatar\/4e46c7d32383b6e7abdb63874113a342?s=128&#038;d=mm&#038;r=g' srcset='https:\/\/secure.gravatar.com\/avatar\/4e46c7d32383b6e7abdb63874113a342?s=256&#038;d=mm&#038;r=g 2x' class='avatar avatar-128 photo' height='128' width='128' \/>\t\t<\/div>\n\t\t\t\t<div class=\"elementor-post__text\">\n\t\t\t\t<h3 class=\"elementor-post__title\">\n\t\t\t<a href=\"https:\/\/suizoamericano.edu.gt\/index.php\/2026\/01\/16\/una-preprimaria-unica-en-el-suizo-americano\/\" >\n\t\t\t\tUna preprimaria \u00danica, en el Suizo Americano\t\t\t<\/a>\n\t\t<\/h3>\n\t\t\t\t<div class=\"elementor-post__excerpt\">\n\t\t\t<p>Al ser padres y ver crecer a nuestros hijos, un pensamiento nos empieza a preocupar: \u00bfcu\u00e1l es el mejor colegio en Guatemala para mi hijo?,<\/p>\n\t\t<\/div>\n\t\t\n\t\t<a class=\"elementor-post__read-more\" href=\"https:\/\/suizoamericano.edu.gt\/index.php\/2026\/01\/16\/una-preprimaria-unica-en-el-suizo-americano\/\" aria-label=\"Read more about Una preprimaria \u00danica, en el Suizo Americano\" tabindex=\"-1\" >\n\t\t\tRead More \u00bb\t\t<\/a>\n\n\t\t\t\t<\/div>\n\t\t\t\t<div class=\"elementor-post__meta-data\">\n\t\t\t\t\t<span class=\"elementor-post-date\">\n\t\t\tJanuary 16, 2026\t\t<\/span>\n\t\t\t\t<\/div>\n\t\t\t\t\t<\/div>\n\t\t<\/article>\n\t\t\t\t<article class=\"elementor-post elementor-grid-item post-955 post type-post status-publish format-standard has-post-thumbnail hentry category-csa\">\n\t\t\t<div class=\"elementor-post__card\">\n\t\t\t\t<a class=\"elementor-post__thumbnail__link\" href=\"https:\/\/suizoamericano.edu.gt\/index.php\/2025\/06\/11\/campus-san-cristobal-el-camino-a-la-excelencia-inicia-aqui\/\" tabindex=\"-1\" ><div class=\"elementor-post__thumbnail\"><img loading=\"lazy\" decoding=\"async\" width=\"300\" height=\"200\" src=\"https:\/\/suizoamericano.edu.gt\/wp-content\/uploads\/2025\/06\/DSC00160-300x200.jpg\" class=\"attachment-medium size-medium wp-image-978\" alt=\"\" srcset=\"https:\/\/suizoamericano.edu.gt\/wp-content\/uploads\/2025\/06\/DSC00160-300x200.jpg 300w, https:\/\/suizoamericano.edu.gt\/wp-content\/uploads\/2025\/06\/DSC00160-1024x683.jpg 1024w, https:\/\/suizoamericano.edu.gt\/wp-content\/uploads\/2025\/06\/DSC00160-768x512.jpg 768w, https:\/\/suizoamericano.edu.gt\/wp-content\/uploads\/2025\/06\/DSC00160-1536x1024.jpg 1536w, https:\/\/suizoamericano.edu.gt\/wp-content\/uploads\/2025\/06\/DSC00160-2048x1365.jpg 2048w\" sizes=\"(max-width: 300px) 100vw, 300px\" \/><\/div><\/a>\n\t\t\t\t<div class=\"elementor-post__badge\">CSA<\/div>\n\t\t\t\t<div class=\"elementor-post__avatar\">\n\t\t\t<img alt='Eric Martinez' src='https:\/\/secure.gravatar.com\/avatar\/4e46c7d32383b6e7abdb63874113a342?s=128&#038;d=mm&#038;r=g' srcset='https:\/\/secure.gravatar.com\/avatar\/4e46c7d32383b6e7abdb63874113a342?s=256&#038;d=mm&#038;r=g 2x' class='avatar avatar-128 photo' height='128' width='128' \/>\t\t<\/div>\n\t\t\t\t<div class=\"elementor-post__text\">\n\t\t\t\t<h3 class=\"elementor-post__title\">\n\t\t\t<a href=\"https:\/\/suizoamericano.edu.gt\/index.php\/2025\/06\/11\/campus-san-cristobal-el-camino-a-la-excelencia-inicia-aqui\/\" >\n\t\t\t\tCampus San Crist\u00f3bal: El camino a la excelencia inicia aqu\u00ed\t\t\t<\/a>\n\t\t<\/h3>\n\t\t\t\t<div class=\"elementor-post__excerpt\">\n\t\t\t<p>Puede que pienses que todos los colegios privados son b\u00e1sicamente lo mismo: aulas bonitas, tecnolog\u00eda moderna y promesas de excelencia. Pero no tiene nada que<\/p>\n\t\t<\/div>\n\t\t\n\t\t<a class=\"elementor-post__read-more\" href=\"https:\/\/suizoamericano.edu.gt\/index.php\/2025\/06\/11\/campus-san-cristobal-el-camino-a-la-excelencia-inicia-aqui\/\" aria-label=\"Read more about Campus San Crist\u00f3bal: El camino a la excelencia inicia aqu\u00ed\" tabindex=\"-1\" >\n\t\t\tRead More \u00bb\t\t<\/a>\n\n\t\t\t\t<\/div>\n\t\t\t\t<div class=\"elementor-post__meta-data\">\n\t\t\t\t\t<span class=\"elementor-post-date\">\n\t\t\tJune 11, 2025\t\t<\/span>\n\t\t\t\t<\/div>\n\t\t\t\t\t<\/div>\n\t\t<\/article>\n\t\t\t\t<article class=\"elementor-post elementor-grid-item post-871 post type-post status-publish format-standard has-post-thumbnail hentry category-csa\">\n\t\t\t<div class=\"elementor-post__card\">\n\t\t\t\t<a class=\"elementor-post__thumbnail__link\" href=\"https:\/\/suizoamericano.edu.gt\/index.php\/2025\/06\/05\/colegio-suizo-americano-campus-zona-16-los-lideres-que-construyen-el-futuro-se-forman-aqui\/\" tabindex=\"-1\" ><div class=\"elementor-post__thumbnail\"><img loading=\"lazy\" decoding=\"async\" width=\"300\" height=\"200\" src=\"https:\/\/suizoamericano.edu.gt\/wp-content\/uploads\/2025\/06\/DSC05153-300x200.jpg\" class=\"attachment-medium size-medium wp-image-873\" alt=\"\" srcset=\"https:\/\/suizoamericano.edu.gt\/wp-content\/uploads\/2025\/06\/DSC05153-300x200.jpg 300w, https:\/\/suizoamericano.edu.gt\/wp-content\/uploads\/2025\/06\/DSC05153-1024x683.jpg 1024w, https:\/\/suizoamericano.edu.gt\/wp-content\/uploads\/2025\/06\/DSC05153-768x512.jpg 768w, https:\/\/suizoamericano.edu.gt\/wp-content\/uploads\/2025\/06\/DSC05153-1536x1024.jpg 1536w, https:\/\/suizoamericano.edu.gt\/wp-content\/uploads\/2025\/06\/DSC05153-2048x1365.jpg 2048w\" sizes=\"(max-width: 300px) 100vw, 300px\" \/><\/div><\/a>\n\t\t\t\t<div class=\"elementor-post__badge\">CSA<\/div>\n\t\t\t\t<div class=\"elementor-post__avatar\">\n\t\t\t<img alt='Eric Martinez' src='https:\/\/secure.gravatar.com\/avatar\/4e46c7d32383b6e7abdb63874113a342?s=128&#038;d=mm&#038;r=g' srcset='https:\/\/secure.gravatar.com\/avatar\/4e46c7d32383b6e7abdb63874113a342?s=256&#038;d=mm&#038;r=g 2x' class='avatar avatar-128 photo' height='128' width='128' \/>\t\t<\/div>\n\t\t\t\t<div class=\"elementor-post__text\">\n\t\t\t\t<h3 class=\"elementor-post__title\">\n\t\t\t<a href=\"https:\/\/suizoamericano.edu.gt\/index.php\/2025\/06\/05\/colegio-suizo-americano-campus-zona-16-los-lideres-que-construyen-el-futuro-se-forman-aqui\/\" >\n\t\t\t\tColegio Suizo Americano Campus Zona 16: Los l\u00edderes que construyen el futuro se forman aqu\u00ed\t\t\t<\/a>\n\t\t<\/h3>\n\t\t\t\t<div class=\"elementor-post__excerpt\">\n\t\t\t<p>Puede que en el mundo de la educaci\u00f3n privada, hablar de &#8220;transformaci\u00f3n&#8221; suene a clich\u00e9. Un concepto que se repite en cada folleto, en cada<\/p>\n\t\t<\/div>\n\t\t\n\t\t<a class=\"elementor-post__read-more\" href=\"https:\/\/suizoamericano.edu.gt\/index.php\/2025\/06\/05\/colegio-suizo-americano-campus-zona-16-los-lideres-que-construyen-el-futuro-se-forman-aqui\/\" aria-label=\"Read more about Colegio Suizo Americano Campus Zona 16: Los l\u00edderes que construyen el futuro se forman aqu\u00ed\" tabindex=\"-1\" >\n\t\t\tRead More \u00bb\t\t<\/a>\n\n\t\t\t\t<\/div>\n\t\t\t\t<div class=\"elementor-post__meta-data\">\n\t\t\t\t\t<span class=\"elementor-post-date\">\n\t\t\tJune 5, 2025\t\t<\/span>\n\t\t\t\t<\/div>\n\t\t\t\t\t<\/div>\n\t\t<\/article>\n\t\t\t\t<\/div>\n\t\t\n\t\t\t\t\t\t<\/div>\n\t\t\t\t<\/div>\n\t\t\t\t\t<\/div>\n\t\t\t\t<\/div>\n\t\t\t\t<\/div>\n\t\t","protected":false},"excerpt":{"rendered":"","protected":false},"author":2,"featured_media":0,"parent":0,"menu_order":0,"comment_status":"closed","ping_status":"closed","template":"elementor_header_footer","meta":{"footnotes":""},"class_list":["post-925","page","type-page","status-publish","hentry"],"_links":{"self":[{"href":"https:\/\/suizoamericano.edu.gt\/index.php\/wp-json\/wp\/v2\/pages\/925","targetHints":{"allow":["GET"]}}],"collection":[{"href":"https:\/\/suizoamericano.edu.gt\/index.php\/wp-json\/wp\/v2\/pages"}],"about":[{"href":"https:\/\/suizoamericano.edu.gt\/index.php\/wp-json\/wp\/v2\/types\/page"}],"author":[{"embeddable":true,"href":"https:\/\/suizoamericano.edu.gt\/index.php\/wp-json\/wp\/v2\/users\/2"}],"replies":[{"embeddable":true,"href":"https:\/\/suizoamericano.edu.gt\/index.php\/wp-json\/wp\/v2\/comments?post=925"}],"version-history":[{"count":22,"href":"https:\/\/suizoamericano.edu.gt\/index.php\/wp-json\/wp\/v2\/pages\/925\/revisions"}],"predecessor-version":[{"id":950,"href":"https:\/\/suizoamericano.edu.gt\/index.php\/wp-json\/wp\/v2\/pages\/925\/revisions\/950"}],"wp:attachment":[{"href":"https:\/\/suizoamericano.edu.gt\/index.php\/wp-json\/wp\/v2\/media?parent=925"}],"curies":[{"name":"wp","href":"https:\/\/api.w.org\/{rel}","templated":true}]}}